3801067 prime?
True
Is 12759421 prime?
True
Is 62014191 a prime number?
False
Is 303409 composite?
False
Is 340801 composite?
False
Is 99170131 a prime number?
True
Is 11295121 prime?
True
Is 12744019 composite?
False
Is 1286891 prime?
False
Is 80902667 composite?
False
Is 55229777 a prime number?
False
Is 21366803 a prime number?
True
Is 10998341 a composite number?
True
Is 221150021 a composite number?
False
Is 9305591 composite?
False
Is 64285321 a composite number?
False
Is 66410609 a prime number?
False
Is 678989 prime?
True
Is 25893983 a prime number?
True
Is 12640091 composite?
False
Is 5447719 composite?
False
Is 115847467 a composite number?
True
Is 1207307333 prime?
True
Is 29193011 prime?
True
Is 7505417 a prime number?
True
Is 20747761 a composite number?
True
Is 1248421 a composite number?
True
Is 280999657 prime?
False
Is 12497761 a composite number?
False
Is 2688319 a composite number?
True
Is 19456807 a prime number?
True
Is 1568729 composite?
False
Is 13301177 prime?
True
Is 278597701 prime?
False
Is 1523621 composite?
True
Is 119729527 a prime number?
True
Is 520308703 composite?
True
Is 57089881 a composite number?
False
Is 200389199 prime?
True
Is 1147561 composite?
False
Is 152762671 composite?
False
Is 789892255 a composite number?
True
Is 1971223447 composite?
False
Is 170327657 composite?
False
Is 8498239 composite?
False
Is 31087261 a prime number?
True
Is 132929 prime?
True
Is 15481853 composite?
True
Is 81812747 prime?
False
Is 1933007 prime?
True
Is 642011143 a prime number?
True
Is 115302227 a composite number?
False
Is 6759754 composite?
True
Is 75643027 prime?
True
Is 464954047 composite?
False
Is 901183 composite?
False
Is 54337639 a prime number?
True
Is 251322821 a composite number?
False
Is 102291467 a prime number?
True
Is 5317427 composite?
True
Is 18200279 a composite number?
False
Is 98004061 prime?
False
Is 926533 prime?
True
Is 565283059 a prime number?
False
Is 288921311 prime?
False
Is 1023179093 composite?
True
Is 76157 composite?
False
Is 2568737 a prime number?
False
Is 3514349 composite?
False
Is 17975557 a prime number?
True
Is 27261809 composite?
True
Is 12598766 a composite number?
True
Is 358467 a composite number?
True
Is 1637813 a prime number?
True
Is 16042981 composite?
False
Is 19826423 a composite number?
False
Is 44351 composite?
False
Is 472117 a prime number?
False
Is 43587617 a prime number?
True
Is 283827181 a composite number?
True
Is 48155249 composite?
False
Is 13886547 composite?
True
Is 61907785 prime?
False
Is 3862658 composite?
True
Is 7678171 a prime number?
True
Is 3606487 prime?
True
Is 41570977 a composite number?
True
Is 3001573 a prime number?
False
Is 36298583 a composite number?
False
Is 4107055 composite?
True
Is 46810079 composite?
False
Is 1098343 prime?
False
Is 145694083 a prime number?
True
Is 7393777 a composite number?
False
Is 57921509 prime?
True
Is 28341437 prime?
False
Is 14030333 prime?
True
Is 1379353 prime?
True
Is 281867707 prime?
False
Is 130807211 composite?
False
Is 874957 composite?
False
Is 29165483 prime?
True
Is 22107238 a prime number?
False
Is 105491 a prime number?
True
Is 31292978 a composite number?
True
Is 38756183 composite?
False
Is 12372065 prime?
False
Is 20766203 prime?
True
Is 1625339 a composite number?
False
Is 1063199 a prime number?
False
Is 2703067 a composite number?
False
Is 5111089 prime?
True
Is 160859 prime?
False
Is 1394047 composite?
False
Is 4096259 a composite number?
False
Is 51264149 composite?
True
Is 276671 a prime number?
True
Is 2025169 a composite number?
False
Is 63057287 a composite number?
True
Is 97652123 composite?
True
Is 567669 prime?
False
Is 6034207 a composite number?
False
Is 129810311 prime?
True
Is 6713117 composite?
True
Is 47144323 prime?
False
Is 194399617 a prime number?
True
Is 6149201 composite?
True
Is 337627621 composite?
False
Is 28443767 composite?
True
Is 10862755 a prime number?
False
Is 2856661 prime?
False
Is 44102767 a composite number?
False
Is 39509753 composite?
False
Is 3051997 prime?
False
Is 3754963 a prime number?
True
Is 43781927 prime?
False
Is 12910301 composite?
False
Is 50145079 composite?
False
Is 234239 composite?
False
Is 1321923 a prime number?
False
Is 140099107 a prime number?
False
Is 2507019 a prime number?
False
Is 81386959 a composite number?
True
Is 295482349 prime?
True
Is 25415547 a composite number?
True
Is 25078229 a composite number?
True
Is 79547837 a composite number?
True
Is 2344903 prime?
False
Is 137941 prime?
True
Is 1358281 prime?
True
Is 36309737 a composite number?
False
Is 24669322 composite?
True
Is 92471239 composite?
True
Is 60951047 a composite number?
False
Is 17131385 prime?
False
Is 8505727 a composite number?
False
Is 178577291 composite?
True
Is 160748279 a composite number?
False
Is 186842377 a composite number?
False
Is 256338913 prime?
True
Is 6662473 prime?
False
Is 69200597 a prime number?
False
Is 8055771 a composite number?
True
Is 216664189 prime?
False
Is 32095307 a prime number?
True
Is 27757063 composite?
False
Is 41469497 prime?
True
Is 147139927 prime?
False
Is 1085701 a composite number?
True
Is 63970103 prime?
False
Is 9911647 a prime number?
True
Is 50681597 composite?
False
Is 91229 a prime number?
True
Is 58271891 composite?
True
Is 37982651 prime?
False
Is 4626707 a prime number?
True
Is 1771279 prime?
False
Is 411757399 composite?
True
Is 8613347 composite?
False
Is 3184379 a composite number?
True
Is 37920943 composite?
False
Is 6775957 prime?
False
Is 563869 a prime number?
True
Is 961244615 a prime number?
False
Is 18963323 a composite number?
False
Is 215272669 a composite number?
True
Is 21169829 prime?
False
Is 207433 a composite number?
False
Is 3530299 composite?
False
Is 132616571 prime?
True
Is 8073287 a prime number?
True
Is 710788483 composite?
False
Is 1375937 a prime number?
True
Is 49597 a prime number?
True
Is 2344039 prime?
False
Is 6299291 a composite number?
False
Is 2881061 a composite number?
False
Is 8262913 prime?
True
Is 183127 a composite number?
True
Is 113019089 a prime number?
True
Is 166481065 a composite number?
True
Is 7838107 prime?
True
Is 482743321 a prime number?
True
Is 466181783 composite?
False
Is 611911 prime?
False
Is 331183429 a prime number?
False
Is 1061031 a prime number?
False
Is 2008811 a composite number?
True
Is 12749917 composite?
False
Is 41771 a prime number?
True
Is 5207 prime?
False
Is 189254651 prime?
False
Is 2019461 a prime number?
True
Is 17212969 composite?
True
Is 21890599 prime?
True
Is 13567 a prime number?
True
Is 285292463 a prime number?
False
Is 2666633 a composite number?
False
Is 9484019 a composite number?
False
Is 7941629 prime?
False
Is 1349629 composite?
True
Is 25385617 a composite number?
True
Is 218037247 a prime number?
True
Is 3974441 prime?
True
Is 12991453 composite?
False
Is 95043431 composite?
True
Is 8745521 prime?
False
Is 1853311 a composite number?
True
Is 19564019 composite?
False
Is 15473363 composite?
True
Is 2265089 a composite number?
True
Is 8267191 a prime number?
False
Is 132568169 a composite number?
False
Is 3035185 a composite number?
True
Is 11013131 composite?
False
Is 74495569 a composite number?
True
Is 12485453 composite?
False
Is 28355563 a composite number?
False
Is 74757197 a composite number?
False
Is 46350847 a prime number?
True
Is 477093451 composite?
False
Is 78734969 a prime number?
False
Is 22504369 a prime number?
False
Is 300269843 a composite number?
False
Is 34566409 prime?
True
Is 318083657 a prime number?
False
Is 35107973 a composite number?
True
Is 1780594039 a prime number?
False
Is 10304387 prime?
True
Is 172849 composite?
False
Is 4262549 a prime number?
True
Is 61785103 prime?
False
Is 5024689 prime?
False
Is 43223119 a composite number?
True
Is 182412721 prime?
True
Is 75697 prime?
False
Is 13177379 a composite number?
False
Is 46553147 prime?
True
Is 572501 prime?
False
Is 68124871 a prime number?
False
Is 101134199 composite?
True
Is 12531565 a composite number?
True
Is 554961507 composite?
True
Is 1224591 a composite number?
True
Is 32753291 composite?
False
Is 118131187 prime?
True
Is 171910201 a composite number?
True
Is 6440821 composite?
False
Is 38501185 a prime number?
False
Is 601093 